
In base 8, what is 53651751 - 12?
53651737
In base 2, what is -1101001100 + 10001101110010111?
10001100001001011
In base 7, what is 1042 - -22226?
23301
In base 11, what is 2 - -5aa94?
5aa96
In base 3, what is 11201 + -110020101?
-110001200
In base 6, what is -4 + 25312014?
25312010
In base 10, what is -2758649 + -7?
-2758656
In base 10, what is 22590851 + 18?
22590869
In base 9, what is 1 - -6025516?
6025517
In base 2, what is -111011101010 - 10101100001001100?
-10110011100110110
In base 9, what is 81815814 - -2?
81815816
In base 9, what is 4 + -5662713?
-5662708
In base 10, what is 44 - -1924970?
1925014
In base 11, what is -3184088 + -3?
-3184090
In base 15, what is -14b6cb13 + -1?
-14b6cb14
In base 15, what is -a4c32 - -2ad?
-a4974
In base 15, what is -213e - 469?
-25a8
In base 16, what is -3 + -104ed7a?
-104ed7d
In base 3, what is 10 + -1111121021021?
-1111121021011
In base 12, what is -4669aaa4 - 4?
-4669aaa8
In base 2, what is -1001001010101000010100110 - 10?
-1001001010101000010101000
In base 10, what is 241023263 - 0?
241023263
In base 3, what is -11120 - 1222210201?
-1222222021
In base 15, what is -3 + 31bec3?
31bec0
In base 7, what is 2531651104 + 15?
2531651122
In base 14, what is 17 + b15518?
b15531
In base 14, what is -1199 + 639?
-960
In base 16, what is af500 + -80?
af480
In base 13, what is 30 - -3a054a?
3a057a
In base 15, what is c + -4a89ec?
-4a89e0
In base 10, what is -12338 - 6440?
-18778
In base 7, what is 1 + -4240233?
-4240232
In base 13, what is 1 + -14124236?
-14124235
In base 9, what is 132858666 + -3?
132858663
In base 16, what is 4 - -2169e4b?
2169e4f
In base 9, what is 8233 + 155?
8388
In base 12, what is -5 + -32858533?
-32858538
In base 13, what is 2 - -331034?
331036
In base 5, what is -14311024 + -11?
-14311040
In base 11, what is -2059 - -1675?
-494
In base 6, what is 4 + 35340235153?
35340235201
In base 5, what is -213112232 + 1131?
-213111101
In base 10, what is -6810744 - -14?
-6810730
In base 15, what is -6 - -21c210?
21c209
In base 11, what is -353115532 + -2?
-353115534
In base 3, what is 112 - -100002222111?
100010000000
In base 15, what is 7d2 - -2b23?
3405
In base 9, what is 54358 - 144?
54214
In base 5, what is 22422331103 - -2?
22422331110
In base 12, what is -2a28390 - -3?
-2a28389
In base 11, what is -2 + -41496677?
-41496679
In base 3, what is 11202 + -1212211210?
-1212200001
In base 10, what is 59457678 - 4?
59457674
In base 13, what is 1 + -114a886?
-114a885
In base 9, what is 1181 - -2027?
3218
In base 4, what is 10230 - 100332?
-30102
In base 12, what is 171 - b793?
-b622
In base 4, what is 11 - 3002210213003?
-3002210212332
In base 5, what is 1030022 + -321444?
203023
In base 2, what is 110 - -11001100000010101101011?
11001100000010101110001
In base 8, what is 1352100730 + -4?
1352100724
In base 12, what is 322575 - -3?
322578
In base 8, what is -36601 - -261?
-36320
In base 7, what is 55 - 1345162?
-1345104
In base 12, what is 30294 - -1b4?
30488
In base 9, what is -11 - 37600416?
-37600427
In base 10, what is -44889 + -6618?
-51507
In base 6, what is -1123200 + 300?
-1122500
In base 15, what is -1 + -7b629ae?
-7b629b0
In base 8, what is 5 - 735627642?
-735627635
In base 10, what is -35 + -67945?
-67980
In base 5, what is -14100 + 40220411?
40201311
In base 8, what is 171065 + 13217?
204304
In base 2, what is -100 - 100101000111110000101110011?
-100101000111110000101110111
In base 11, what is 24 + -295493?
-29546a
In base 4, what is 3121 - 1220130330?
-1220121203
In base 3, what is 102 - 20002100101001?
-20002100100122
In base 11, what is -3127036 - 3?
-3127039
In base 16, what is -20d5ad + 3?
-20d5aa
In base 7, what is 6253 - 1012?
5241
In base 16, what is d8302 + -12?
d82f0
In base 4, what is -2123 - 331212?
-1000001
In base 16, what is -aa9b12 - 19?
-aa9b2b
In base 9, what is 312447 - 0?
312447
In base 8, what is -1015 + -30261?
-31276
In base 4, what is -1002033132200 + -3?
-1002033132203
In base 3, what is -1222111222102 - -121?
-1222111221211
In base 5, what is -1442110202 - 4?
-1442110211
In base 13, what is -49210c8 - -5?
-49210c3
In base 14, what is 4 - 14a3ad?
-14a3a9
In base 12, what is -14 + 125a5478?
125a5464
In base 12, what is 250487 + -b4?
250393
In base 11, what is -109 - -5782?
5674
In base 10, what is 25 + -110193?
-110168
In base 11, what is -24177 - -46?
-24131
In base 13, what is 1b9021a + 4?
1b90221
In base 8, what is -12253 + -41564?
-54037
In base 3, what is 121102 + 1001211111?
1002102220
In base 7, what is 463251513 - -2?
463251515
In base 11, what is 664368a - -25?
6643704
In base 5, what is 32424 - 22100010?
-22012031
In base 2, what is 1100000000001010000010000010 + -100?
1100000000001010000001111110
In base 7, what is -3 + -4460011252?
-4460011255
In base 10, what is -323744 - -601?
-323143
In base 11, what is -2 - 21799381?
-21799383
In base 12, what is 1b87 - -1558a?
17555
In base 7, what is -111560 + 1362?
-110165
In base 9, what is -31538 + 1385?
-30143
In base 12, what is 3 + -112943b6?
-112943b3
In base 12, what is -11925 + 677?
-1126a
In base 13, what is 1534761b - -3?
15347621
In base 14, what is -4d9221 + 5?
-4d921a
In base 3, what is -110220 + -2220100?
-10101020
In base 7, what is 3622400 - -14?
3622414
In base 8, what is -560 + 63430?
62650
In base 4, what is 300 - 131333022101?
-131333021201
In base 13, what is -121c - -1220?
1
In base 13, what is c4 - 1a3a4?
-1a2b0
In base 14, what is 5078c2b + 0?
5078c2b
In base 6, what is -4334 - -41245?
32511
In base 6, what is 1130051 - 5024?
1121023
In base 6, what is -114325425403 - -4?
-114325425355
In base 16, what is -672 + -1055e?
-10bd0
In base 15, what is -63c + -15165?
-157a2
In base 14, what is 6613 - -207c?
8691
In base 15, what is 69723 - 4?
6971e
In base 5, what is 12120423 - -113?
12121041
In base 14, what is 1370c2da - -1?
1370c2db
In base 13, what is 12ac58 + -c6?
12ab62
In base 10, what is 2 + 55053?
55055
In base 15, what is -35c4c1 - -a7?
-35c419
In base 12, what is 13 - -2612542?
2612555
In base 3, what is -100202 - -2222010?
2121101
In base 12, what is 349 + -1b255?
-1ab08
In base 3, what is 200111100120000 - -11?
200111100120011
In base 11, what is 486 - -6276?
6751
In base 4, what is -110130 - 331022100?
-331132230
In base 15, what is 42e - 11b19?
-116da
In base 2, what is 10001110110000000000101 - 100?
10001110110000000000001
In base 16, what is 34b7b + 17?
34b92
In base 9, what is -111488560 - -1?
-111488558
In base 7, what is 6355556 + 3?
6355562
In base 16, what is -b905 - -b14?
-adf1
In base 11, what is -19a - -575884?
575695
In base 14, what is a77c4b + -5?
a77c46
In base 15, what is 427a - -193cd?
1d658
In base 2, what is -10 - -10110100110101101001?
10110100110101100111
In base 15, what is ec72d30 - -2?
ec72d32
In base 3, what is 2 + 111021101100?
111021101102
In base 11, what is -1 + 3046a76?
3046a75
In base 16, what is 3a2 + 3944?
3ce6
In base 10, what is -161 + -1033836?
-1033997
In base 13, what is -703 - -47?
-689
In base 16, what is -e1d - -f92?
175
In base 13, what is -1 + -c176ba?
-c176bb
In base 4, what is -23330003 - 3131133?
-33121202
In base 3, what is -110112121222 - 101020?
-110120000012
In base 16, what is -35a9b221 + 0?
-35a9b221
In base 13, what is -7c7a8 - -1093?
-7b715
In base 7, what is 1231 - -11652?
13213
In base 2, what is -110011010 - 100101110000000001101?
-100101110000110100111
In base 9, what is -2 + -4578050?
-4578052
In base 11, what is -20 - 7461533?
-7461553
In base 13, what is 173aa4 - -12?
173ab6
In base 14, what is -759c94c8 + 1?
-759c94c7
In base 8, what is 5365622 + 14?
5365636
In base 12, what is 10 - -b081907?
b081917
In base 6, what is 1531 - 552335?
-550404
In base 3, what is -21120010 - 1011001020?
-1102121100
In base 7, what is -16100 + 101521?
52421
In base 10, what is -2934 - 283?
-3217
In base 10, what is -103310 + -642?
-103952
In base 14, what is da1b - d?
da0c
In base 7, what is -34312331 - -105?
-34312223
In base 11, what is 20311167 - 11?
20311156
In base 11, what is -9 + -26a948?
-26a956
In base 15, what is -10928e2e - -3?
-10928e2b
In base 14, what is -428 + -18a2?
-1cca
In base 15, what is -cc - -1e3545?
1e3468
In base 4, what is -2 + 12002211113?
12002211111
In base 5, what is 330 - 40144114?
-40143234
In base 6, what 